 2*g**2 + 10*g. Let v(k) = 6*k**2 - 208*k - 68. Let p be v(35). Determine x(p).
4
Let b be ((-1)/(-3))/((-10)/20)*(2 - 5). Let z(d) = -14*d - 3. Calculate z(b).
-31
Let b(o) = o + 2. Let l(f) = -4*f**3 + 37*f**2 - 19*f - 15. Let y(w) = -9*b(w) - l(w). Give y(9).
6
Suppose 0 = 2*b - r - 10, -5*b - r - 2 + 27 = 0. Suppose -3*j = b*k + 32 + 2, 2*j = k + 12. Let z(g) = -100 + 0*g - g + 101. What is z(k)?
9
Suppose 5*o - 2*a = 351 + 174, 0 = 4*o + 4*a - 420. Let l = o - 101. Let q(c) = -c**3 + 5*c**2 - 3*c - 5. Calculate q(l).
-1
Let x(v) be the second derivative of v**4/12 - 4*v**3/3 + 13*v**2/2 + 3751*v. What is x(6)?
1
Let c(s) = s**2 + 2*s - 2. Let u be (-92)/(-16)*26*-2. Let y = -302 - u. What is c(y)?
1
Let c(d) = -13*d**2 + 7*d - 26. Let m(g) = 6*g + 17. Let s be m(-1). Let o(b) = -7*b**2 + 3*b - 14. Let r(z) = s*o(z) - 6*c(z). What is r(7)?
-12
Let h(z) = -99*z - 436. Let s be h(-5). Let r(j) = -39 - j**2 - 24 + s. Suppose 2*k = -9 + 3. Give r(k).
-13
Let q(u) = 52*u**3 + 10*u**2 + 17*u - 7. Let d(b) = -35*b**3 + 1 - 19*b + 4 - 27*b - 7*b**2 + 61*b - 27*b. Let g(z) = 7*d(z) + 5*q(z). Determine g(-1).
-15
Let q(r) be the first derivative of -r**5/60 - 7*r**4/24 + 11*r**2/2 - 2*r - 21. Let l(o) be the second derivative of q(o). Give l(-7).
0
Let f(l) = 6*l - 12. Let m = -1796 - -1799. Determine f(m).
6
Let v(y) = -4*y. Let i be v(-2). Suppose -12*p - 175 + 283 = 0. Let f(j) = -15 - i - p*j - j**2 + 15. Give f(-9).
-8
Let p(z) = -71*z - 348. Let b be p(-5). Let d(n) = -n**3 + 6*n**2 + 3*n + 4. Determine d(b).
-24
Let c = -299 - -343. Let z(s) = -1 + 40*s + 2*s - c*s. Determine z(-6).
11
Let m(a) = -a**3 + 7*a**2 - 4*a - 7. Let z be (-6 - 4*-3) + (-12)/(-3). Suppose 3*u - z = -d, 0 = 5*u + 3*d - d - 15. Determine m(u).
23
Let y(a) = 3*a**3 - a**2 - a. Let n be 1/(-4) + (-6)/8 + 1. Let z(r) = -3*r + 6*r + 29 + n*r + 2*r. Let t be z(-6). Calculate y(t).
-3
Let b(t) = 3*t + 17. Let f be b(9). Let q(n) = -f - 2*n**3 + 22 - n + 21. What is q(-1)?
2
Let i(j) = j + 1. Let m(w) = 5*w + 59. Let h be m(-11). Let v be i(h). Let u(z) = z**3 - 6*z**2 + 3*z + 7. Determine u(v).
-3
Let a(f) = 2*f**2 - 38*f - 46. Let g be ((-3)/2)/(785/200 - 4). Calculate a(g).
-6
Let q(g) = 1 - 3*g + 4*g + 1. Let w(u) = -u**2 + 10*u + 176. Let m = 641 - 622. Let c be w(m). Determine q(c).
7
Let w(x) = -25*x**2 - 24*x - 48. Let i(p) = -9*p**2 - 8*p - 17. Let j(r) = 14*i(r) - 5*w(r). Determine j(5).
17
Let p(l) = l**2 + 5*l - 18. Let b be p(-8). Let m be 2/(-24)*-4*b. Let o(s) = 4*s**2 - 2*s - 2. Determine o(m).
10
Let t(l) = 1193*l + 14*l**2 - 1205*l + 235 - 30*l**2 + 15*l**2 - 69. Calculate t(-20).
6
Let o = 2 + -1. Let c(s) = s + 0*s - o - 2*s + s**2. Let n = -173033 - -173034. What is c(n)?
-1
Suppose 2*x - 4 = 6*x - 4*l, 2*x - 5*l = 1. Let y(d) = -2*d**3 + 6*d + 2. Give y(x).
6
Let f(g) = -g + 6. Let q(h) = 3*h + 10. Let c(w) = -4*w - 12. Let d(z) = -4*c(z) - 5*q(z). Let l(u) = 4*d(u) + f(u). What is l(-4)?
-14
Let c(m) = 29*m**2 - m - 1. Let a be c(-1). Suppose 4*x - 8 = -5*h, 6*h - 3*x = h + a. Let j(u) = -3*u + u**2 + 482 - 478 - 2*u. Calculate j(h).
0
Let s(p) = -14*p + 189. Let y = -14462 + 14475. What is s(y)?
7
Let f(d) = -67*d - 44. Let i(k) = 51*k + 33. Let c(b) = -7*f(b) - 9*i(b). What is c(7)?
81
Let p(c) = -2*c**3 - 11*c**2 - 23*c - 37. Suppose 5*m + 37 = -3*y, -24*y = -22*y - 5*m - 17. Give p(y).
7
Let a = -3/893 - -4474/2679. Let t(w) be the first derivative of 7*w - a*w**3 + 19 + 3/2*w**2 - 1/4*w**4. Calculate t(-5).
-8
Let c = -12 + 12. Let w be (-1)/((-16)/(-12))*(-4 + c). Let y(n) = 9 + 2*n**2 - 2*n**2 - 3*n - n**w + 2*n + n**2. What is y(0)?
9
Let s(y) = -2*y**3 - y**3 - 7*y + 5 + 7*y**2 + 4*y**3. Suppose -26*x - 13*x - 136 = -22*x. Calculate s(x).
-3
Let v(b) = 43*b - 24. Let p(h) = -40*h + 23. Let u(k) = 7*p(k) + 6*v(k). Calculate u(5).
-93
Let m(j) = 276*j - 67. Let s(y) = -127*y + 34. Let o(c) = 6*m(c) + 13*s(c). Calculate o(-7).
5
Let l(k) = 6*k + 26. Let h be l(-3). Suppose -2*q - 4*b - h = 0, 3*q = -q + 2*b - 26. Let m(j) = 3*j + 5. Give m(q).
-13
Suppose 0 = -0*t + 5*t - 2*l - 6, -4*l = -4*t. Let d be 2/3 - 8/(-6). Let p(j) = -3 + 0*j - j - j - j**3 + 4 + 2*j**d. Calculate p(t).
-3
Let y(u) = 3*u**2 + 3*u - 1. Let v(b) = 4*b**2 - 4*b + 12. Let m(j) = -v(j) + y(j). What is m(3)?
-1
Let b(g) be the first derivative of -11*g**2/2 - 56*g + 1694. What is b(-4)?
-12
Let o(t) = -3*t - t**2 - 11 - 17*t - 7*t + 18 + 13. What is o(-28)?
-8
Let l(p) = -p**2 - 12*p - 24. Let q be (0 + 2 + -1)/(((-2890)/(-68))/(-85)). Calculate l(q).
-4
Let w(n) = 2*n**2 - 5 + 7*n - 3*n - 5*n. Let u be w(3). Suppose 10*f = 12*f - u. Let h(s) = -s**2 + 4*s + 4. Calculate h(f).
-1
Let r(l) = 1511 - 19*l + 18*l - 1511. Let i(o) = o. Let v be i(5). Suppose 0 = -v*a - 0*a - 20. Calculate r(a).
4
Let l(q) = -21*q + 24*q + q**2 - 4*q**2 + 8 - 4*q - 8*q. Determine l(-4).
-4
Let j(i) be the first derivative of -i**4/4 - 2*i**3 - 3*i**2 + 5*i + 1640. Calculate j(-6).
41
Let n(y) = y**2 - 9*y + 12. Let a = -69 - -71. Suppose -3*j + 13 = -a*j. Suppose -j*p + 24*p = 88. Give n(p).
4
Let t(n) = -16*n**2 + 38*n - 27. Let g(f) = -7*f**2 + 14*f - 14. Let a(w) = -7*g(w) + 3*t(w). Give a(-14).
-11
Let t(g) = -g**3 + 3*g**2 + 3*g - 3. Let z be (-30)/(-18) - (56/(-21))/2. Calculate t(z).
6
Let c(d) = -d**2 - 103 + 3 - 86*d + 62*d + 14 - 59. Give c(-10).
-5
Suppose -8 = 4*p + 2*q + 20, 10 = -p - 2*q. Let r(o) = 2*o**3 + 12*o**2 - 5*o - 25. Give r(p).
5
Let p(c) = -15*c**3 - 1 - 12*c**3 - 18*c**3 - 5 + c + 44*c**3. Suppose 2*v - 1 = 5. Suppose -3*s = -v*f - 6, -f - 10 = 4*f. Give p(s).
-6
Let u be ((-10)/4)/(5/(-10)). Suppose 4 = 4*k + b + 12, -4*k + u*b = 8. Let x(z) be the third derivative of z**5/60 - z**3/3 - 8508*z**2. Calculate x(k).
2
Let y(p) = -p**3 - 3*p**2 - p + 15. Let r(s) = 2*s**3 + s**2 + 2*s - 20. Let j(x) = -2*r(x) - 3*y(x). Give j(6).
25
Let c = -3758 + 3745. Let y(p) = 3*p - 28. Determine y(c).
-67
Let f(c) = -4*c**2 - c - 2. Let d be 6/12*-4 + 7. Let y = 48 + -36. Suppose 3*k - 2*n = -y, -d*k - 3*n = -4*n + 13. Calculate f(k).
-16
Let f be (84/3213*27)/((-2)/(-17)). Let l(k) = -3*k**3 - 3*k**2 + 4*k**3 + 7 - k**2 - 9*k. Determine l(f).
25
Let y = -17 - -17. Let v be y + -3 + (-4)/(-1) + 3. Let h be (v - (-49)/14)*(-4)/6. Let p(j) = -2*j**2 - 6*j + 4. Give p(h).
-16
Suppose m + 0 = 2. Let y be (1/m)/(4/8). Let c(g) = -6 + 452*g**3 - 451*g**3 - y + 3*g - 6*g**2. Give c(5).
-17
Let p be 38/14 + (-16)/(-56). Suppose -p*o - 2 - 6 = -2*t, t - 3 = o. Suppose m = 2*m - t, 0 = 4*j + m - 13. Let q(f) = 2*f**2 - f. Determine q(j).
15
Let c be -11 - -2 - (-5 + (1 - -1)). Let i = 17 + c. Let x(h) = -115*h**3 - 4 + 4*h**2 + 116*h**3 - i*h**2. What is x(7)?
-4
Let n(z) = z - 2117 + 2117 + z**3. Let p = -67 + 68. Calculate n(p).
2
Let r(x) = -2*x**3. Let k be 2 - (12/(-54) + (-322)/9). Let n = -36 + k. Give r(n).
-16
Let d be ((-40)/(-24))/(3/18). Let s be (d/(-2) - 1)/(-2). Let t(m) = -m**2 + 2*m + 3. Give t(s).
0
Let l(h) be the first derivative of -h - 12 + 1/2*h**2. Give l(-7).
-8
Let o(n) be the third derivative of -n**7/5040 - n**6/720 - 19*n**5/60 + 3*n**2 + 3*n. Let m(x) be the third derivative of o(x). Give m(-3).
2
Let g(f) be the second derivative of -f**4/12 + 3*f**3/2 - 9*f**2/2 - 3173*f. Suppose -4*k = -k - 21. Give g(k).
5
Suppose -36*i - 98*i + 402 = 0. Let r(z) be the first derivative of 18 - 1/4*z**4 - z**2 + 3*z + 2/3*z**i. Calculate r(3).
-12
Let u(n) = -3*n + 5*n**2 + n + 1 + 0*n**2. Let h be (-8 - (-40)/8) + 5. Let j be h + (-6 - -10) + (-10)/2. Give u(j).
4
Let l = 272 - 270. Suppose -2*g = -7*g + l*j - 41, -9 = -3*j. Let p(b) be the first derivative of -b**2/2 - 6*b + 4. Calculate p(g).
1
Let g(x) = -x**2 - 12*x + 19. Let t(j) = 2*j**3 + 8*j**2 - 2*j - 5. Let i be t(-4). Suppose -40 = 3*a - 0*r - r, 0 = i*a + r + 38. Calculate g(a).
6
Let z(m) = -m. Let u be z(-6). Let a(q) be the third derivative of q**6/120 - 7*q**5/60 + 5*q**4/12 - 3*q**3/2 + 4577*q**2. Determine a(u).
15
Let f(n) be the second derivative of n**5/20 - n**4/12 - 8*n**3/3 + 41*n**2/2 + 5876*n. What is f(4)?
25
Let w(l) = -3*l**2 + 12*l + 6. Let h be 540/18 - 20 - 5. Calculate w(h).
-9
Suppose 0 = 92*r - 95*r + 21. Let f(i) = -4 + r + 8*i - i**3 - 9*i**2 - 15. What is f(-10)?
8
Let m(w) = 2 + 5 + 5*